Resums Climàtics NOAA

Selecciona un any o mes per veure el resum
2017: Gen Feb Mar Abr Mai Jun Jul Ago Set Oct Nov Des
2016: Gen Feb Mar Abr Mai Jun Jul Ago Set Oct Nov Des
2015: Gen Feb Mar Abr Mai Jun Jul Ago Set Oct Nov Des
2014: Gen Feb Mar Abr Mai Jun Jul Ago Set Oct Nov Des
2013: Gen Feb Mar Abr Mai Jun Jul Ago Set Oct Nov Des
2012: Gen Feb Mar Abr Mai Jun Jul Ago Set Oct Nov Des
2011: Gen Feb Mar Abr Mai Jun Jul Ago Set Oct Nov Des
2010: Gen Feb Mar Abr Mai Jun Jul Ago Set Oct Nov Des
2009: Gen Feb Mar Abr Mai Jun Jul Ago Set Oct Nov Des
2008: Gen Feb Mar Abr Mai Jun Jul Ago Set Oct Nov Des

Resum 2017 Juny
                   Monthly Climatological Summary for jun. 2017

Name: MeteoTortosa   City: Tortosa   State: Baix Ebre
Elevation: 12 m  Lat: N 40° 49' 48"   Lon: E 000° 31' 12"

                  Temperature (°C), Rain (mm), Wind Speed (km/h)

                                      Heat  Cool        Avg
    Mean                              Deg   Deg         Wind                 Dom
Day Temp  High   Time   Low    Time   Days  Days  Rain  Speed High   Time    Dir
----------------------------------------------------------------------------------
 1  22,3  27,2   12:29  16,4   04:54   0,2   4,2   0,0   4,0  29,0   13:17    SE
 2  23,5  27,4   11:33  19,7   03:56   0,0   5,2   0,0   6,2  30,6   13:13   ESE
 3  22,5  26,7   16:37  20,5   03:42   0,0   4,2   2,3   2,8  25,7   21:58    NE
 4  19,1  21,8   15:29  16,7   12:10   0,3   1,1   6,9   6,9  33,8   22:27     N
 5  20,2  26,0   15:35  16,6   03:36   0,4   2,3   0,0   8,5  38,6   05:33     N
 6  23,0  28,9   14:38  14,9   03:16   0,7   5,4   0,0   9,0  41,8   13:53   NNW
 7  22,0  25,7   11:58  18,3   04:52   0,0   3,7   0,0  11,0  46,7   01:07    NE
 8  22,5  25,8   11:20  19,2   04:41   0,0   4,2   0,0   6,0  38,6   12:20    SE
 9  22,9  26,7   12:52  19,6   05:29   0,0   4,6   0,0   4,9  32,2   14:51    SE
10  23,8  28,4   12:27  18,7   04:35   0,0   5,5   0,0   4,5  30,6   13:25   ESE
11  25,0  30,6   11:27  18,8   05:07   0,0   6,7   0,0   4,6  30,6   13:36   ESE
12  26,0  31,5   12:42  19,5   04:14   0,0   7,7   0,0   4,3  32,2   13:27    SE
13  25,9  31,0   13:30  18,4   05:01   0,0   7,6   0,0   5,6  30,6   12:31    SE
14  27,3  31,7   14:43  21,4   05:19   0,0   8,9   0,0   7,1  33,8   13:20   ESE
15  26,5  31,7   12:28  21,2   04:44   0,0   8,2   0,0   2,2  24,1   11:51    SE
16  27,7  32,8   14:12  22,1   04:45   0,0   9,4   0,0   3,9  32,2   13:12    SE
17  27,7  34,8   15:34  21,1   05:08   0,0   9,4   0,0   4,7  30,6   18:48    SE
18  26,5  30,6   14:13  21,3   04:55   0,0   8,2   0,0   5,9  35,4   10:56    SE
19  26,0  30,0   12:36  21,6   05:24   0,0   7,7   0,0   5,5  33,8   13:42    SE
20  26,5  30,2   13:46  22,5   05:38   0,0   8,2   0,0   5,6  37,0   12:52    SE
21  27,0  32,3   13:49  20,8   03:58   0,0   8,7   0,0   4,5  29,0   12:45   ESE
22  27,1  32,6   15:38  20,7   04:35   0,0   8,8   0,0   5,1  33,8   13:15    SE
23  27,3  31,2   13:26  22,1   04:44   0,0   9,0   0,5   5,8  30,6   14:18    SE
24  26,1  30,2   12:20  21,3   04:35   0,0   7,8   0,0   3,6  27,4   11:32    SE
25  26,2  29,9   12:03  23,0   05:26   0,0   7,9   0,0   3,7  32,2   15:03    SE
26  27,0  31,8   13:12  23,2   05:10   0,0   8,7   0,0   2,9  24,1   10:46    SE
27  25,9  29,5   14:56  21,3   04:33   0,0   7,5   2,3   4,4  29,0   15:10   ESE
----------------------------------------------------------------------------------
    24,9  34,8    17    14,9     6     1,6 180,8  12,0   5,3  46,7     7     ESE

Max >=  30,0: 15
Max <=   5,0:  0
Min <=   5,0:  0
Min <=   0,0:  0
Max Rain: 6,9 on day 4
Days of Rain: 4 (>= 0,2 mm)  3 (>= 2,0 mm)  0 (>= 10,0 mm)
Heat Base: 18,3  Cool Base: 18,3  Method: Integration