Resums Climàtics NOAA

Selecciona un any o mes per veure el resum
2017: Gen Feb Mar Abr Mai Jun Jul Ago Set Oct Nov Des
2016: Gen Feb Mar Abr Mai Jun Jul Ago Set Oct Nov Des
2015: Gen Feb Mar Abr Mai Jun Jul Ago Set Oct Nov Des
2014: Gen Feb Mar Abr Mai Jun Jul Ago Set Oct Nov Des
2013: Gen Feb Mar Abr Mai Jun Jul Ago Set Oct Nov Des
2012: Gen Feb Mar Abr Mai Jun Jul Ago Set Oct Nov Des
2011: Gen Feb Mar Abr Mai Jun Jul Ago Set Oct Nov Des
2010: Gen Feb Mar Abr Mai Jun Jul Ago Set Oct Nov Des
2009: Gen Feb Mar Abr Mai Jun Jul Ago Set Oct Nov Des
2008: Gen Feb Mar Abr Mai Jun Jul Ago Set Oct Nov Des

Resum 2017 Març
                   Monthly Climatological Summary for mar. 2017

Name: MeteoTortosa   City: Tortosa   State: Baix Ebre
Elevation: 12 m  Lat: N 40° 49' 48"   Lon: E 000° 31' 12"

                  Temperature (°C), Rain (mm), Wind Speed (km/h)

                                      Heat  Cool        Avg
    Mean                              Deg   Deg         Wind                 Dom
Day Temp  High   Time   Low    Time   Days  Days  Rain  Speed High   Time    Dir
----------------------------------------------------------------------------------
 1  13,6  18,2   13:34   9,6   23:48   4,7   0,0   0,0   4,8  38,6   08:02    NE
 2  12,7  19,1   14:23   6,9   06:35   5,6   0,0   0,0   1,9  22,5   12:03    SE
 3  12,2  15,5   14:02   8,1   23:16   6,1   0,0  13,8   5,8  53,1   23:36   ESE
 4  11,9  16,7   14:54   6,9   23:32   6,4   0,0   1,2   8,7  67,6   00:44    NW
 5  13,5  20,4   15:25   6,2   06:11   5,0   0,2   0,0   2,4  30,6   15:26     N
 6  18,5  22,8   13:15  12,2   03:23   1,4   1,6   0,0  12,3  74,0   14:16   NNW
 7  18,2  21,7   13:41  14,6   06:23   1,2   1,1   0,0  14,8  57,9   13:56    NW
 8  18,0  23,2   12:14  11,6   23:53   1,3   1,0   0,0  11,1  62,8   03:58   NNW
 9  16,8  27,6   12:14   8,2   05:39   3,8   2,3   0,0   1,4  20,9   14:39    SE
10  14,9  21,5   14:20   8,9   06:54   4,1   0,7   0,0   2,1  20,9   10:00    SE
11  14,4  21,1   13:09   8,7   07:26   4,3   0,5   0,0   1,8  20,9   13:35    SE
12  17,2  22,4   14:04  10,7   23:12   2,1   0,9   2,1  12,4  45,1   04:44   NNW
13  12,9  16,2   14:20   9,1   04:17   5,4   0,0   9,6   9,2  33,8   00:36     N
14  14,1  21,6   15:05  10,2   05:19   4,5   0,4   0,0   4,8  40,2   08:57   NNE
15  13,9  20,9   13:04   9,1   04:59   4,7   0,3   0,0   2,0  22,5   16:09     E
16  13,1  20,8   12:39   7,2   06:10   5,5   0,3   0,0   2,4  24,1   14:42   ESE
17  12,6  20,2   13:28   5,2   05:48   6,0   0,3   0,0   2,2  24,1   14:59   ESE
18  14,2  22,3   15:09   5,1   06:35   5,0   1,0   0,0   2,1  25,7   10:16     E
19  14,0  21,5   13:10   7,0   05:19   5,0   0,6   0,0   2,0  24,1   14:41    SE
20  14,9  21,6   11:47   9,6   05:53   4,0   0,6   0,0   2,4  27,4   14:42   ESE
21  15,2  20,4   14:28   8,7   05:57   3,4   0,3   0,0   3,5  25,7   12:12     N
22  14,4  17,8   11:23   9,3   06:09   3,9   0,0   0,0   4,9  29,0   00:01   ENE
23  11,3  16,2   14:39   6,5   23:27   7,0   0,0   0,0  11,9  45,1   03:12   NNE
24  10,0  12,7   11:10   6,4   01:58   8,3   0,0   0,0   5,1  30,6   10:39     N
25  11,3  16,7   15:35   6,3   05:09   7,0   0,0   0,5   4,0  29,0   13:10    NE
26  12,8  17,4   14:44   8,3   02:26   5,5   0,0   0,0   2,3  24,1   14:33    SE
27  12,4  16,4   12:24   9,8   23:47   5,9   0,0  14,5   1,6  24,1   12:14     E
28  14,1  21,9   14:35   7,8   06:02   4,7   0,5   0,2   2,5  35,4   14:38   ENE
29  15,5  22,9   14:21   8,1   06:10   4,0   1,2   0,0   2,1  20,9   15:41   ESE
----------------------------------------------------------------------------------
    14,1  27,6     9     5,1    18   135,8  13,8  41,9   5,0  74,0     6     NNE

Max >=  30,0:  0
Max <=   5,0:  0
Min <=   5,0:  0
Min <=   0,0:  0
Max Rain: 14,5 on day 27
Days of Rain: 7 (>= 0,2 mm)  4 (>= 2,0 mm)  2 (>= 10,0 mm)
Heat Base: 18,3  Cool Base: 18,3  Method: Integration