Resums Climàtics NOAA

Selecciona un any o mes per veure el resum
2017: Gen Feb Mar Abr Mai Jun Jul Ago Set Oct Nov Des
2016: Gen Feb Mar Abr Mai Jun Jul Ago Set Oct Nov Des
2015: Gen Feb Mar Abr Mai Jun Jul Ago Set Oct Nov Des
2014: Gen Feb Mar Abr Mai Jun Jul Ago Set Oct Nov Des
2013: Gen Feb Mar Abr Mai Jun Jul Ago Set Oct Nov Des
2012: Gen Feb Mar Abr Mai Jun Jul Ago Set Oct Nov Des
2011: Gen Feb Mar Abr Mai Jun Jul Ago Set Oct Nov Des
2010: Gen Feb Mar Abr Mai Jun Jul Ago Set Oct Nov Des
2009: Gen Feb Mar Abr Mai Jun Jul Ago Set Oct Nov Des
2008: Gen Feb Mar Abr Mai Jun Jul Ago Set Oct Nov Des

Resum 2017 Maig
                   Monthly Climatological Summary for may. 2017

Name: MeteoTortosa   City: Tortosa   State: Baix Ebre
Elevation: 12 m  Lat: N 40° 49' 48"   Lon: E 000° 31' 12"

                  Temperature (°C), Rain (mm), Wind Speed (km/h)

                                      Heat  Cool        Avg
    Mean                              Deg   Deg         Wind                 Dom
Day Temp  High   Time   Low    Time   Days  Days  Rain  Speed High   Time    Dir
----------------------------------------------------------------------------------
 1  15,3  21,3   16:19  10,9   03:49   3,3   0,4   0,0   9,0  45,1   11:30   NNW
 2  16,2  22,8   15:18   8,7   03:18   3,1   1,0   0,0   2,9  20,9   15:45    SE
 3  16,5  20,2   13:11  13,2   04:53   2,1   0,2   0,0   3,1  27,4   13:37    SE
 4  17,1  21,1   13:34  12,8   05:18   1,8   0,5   0,0   4,6  30,6   12:39    SE
 5  17,5  20,9   14:32  14,8   04:07   1,2   0,4   0,0   4,7  27,4   11:43   ESE
 6  21,1  27,3   16:48  16,6   23:57   0,2   3,1   0,0  10,1  51,5   08:07    NW
 7  20,4  27,6   14:10  12,4   05:35   1,4   3,5   0,0   3,5  29,0   11:12   NNE
 8  18,6  23,1   14:00  12,6   05:17   1,4   1,7   0,0   4,3  27,4   14:17    SE
 9  18,0  21,8   13:02  13,8   03:24   1,2   0,8   0,0   4,9  33,8   13:04   ESE
10  18,8  21,8   14:58  15,8   03:40   0,5   1,1   0,0   5,5  27,4   10:09   ESE
11  20,3  27,1   15:10  16,3   06:10   0,3   2,3  13,0   4,2  35,4   16:47     E
12  20,5  24,9   14:14  14,7   04:38   0,5   2,8   0,0   3,5  29,0   16:05   ESE
13  20,2  24,6   16:20  14,1   05:06   0,6   2,5   0,0   1,8  19,3   11:35   ESE
14  21,2  26,8   11:25  15,7   05:19   0,4   3,3   0,0   5,4  29,0   11:57   ENE
15  21,1  26,4   12:15  15,4   05:02   0,6   3,4   0,0   3,6  27,4   12:40    SE
16  22,3  27,6   11:15  16,8   05:20   0,2   4,2   0,0   4,0  30,6   15:32   ESE
17  20,9  26,0   13:12  15,7   04:57   0,4   3,0   0,0   4,3  29,0   11:10    SE
18  17,8  24,0   10:34  15,1   16:08   1,5   1,0   6,8   9,0  59,5   23:02     N
19  17,9  23,3   14:16  13,6   23:57   1,5   1,1   0,0  10,1  53,1   00:00   NNW
20  19,6  24,8   14:41  12,9   02:09   1,0   2,3   0,0   5,2  29,0   07:48    NE
21  19,3  23,2   12:19  13,7   05:12   1,0   2,0   0,0   4,6  30,6   11:53    SE
22  21,0  24,6   12:23  17,1   05:20   0,1   2,8   0,0   6,0  32,2   14:35    SE
23  22,0  27,9   13:07  15,3   04:34   0,5   4,2   0,0   3,2  27,4   14:25    SE
24  23,3  29,0   15:37  15,8   04:25   0,3   5,4   0,0   3,7  29,0   12:59    SE
----------------------------------------------------------------------------------
    19,5  29,0    24     8,7     2    25,1  53,0  19,8   5,0  59,5    18       E

Max >=  30,0:  0
Max <=   5,0:  0
Min <=   5,0:  0
Min <=   0,0:  0
Max Rain: 13,0 on day 11
Days of Rain: 2 (>= 0,2 mm)  2 (>= 2,0 mm)  1 (>= 10,0 mm)
Heat Base: 18,3  Cool Base: 18,3  Method: Integration