Resums Climàtics NOAA

Selecciona un any o mes per veure el resum
2017: Gen Feb Mar Abr Mai Jun Jul Ago Set Oct Nov Des
2016: Gen Feb Mar Abr Mai Jun Jul Ago Set Oct Nov Des
2015: Gen Feb Mar Abr Mai Jun Jul Ago Set Oct Nov Des
2014: Gen Feb Mar Abr Mai Jun Jul Ago Set Oct Nov Des
2013: Gen Feb Mar Abr Mai Jun Jul Ago Set Oct Nov Des
2012: Gen Feb Mar Abr Mai Jun Jul Ago Set Oct Nov Des
2011: Gen Feb Mar Abr Mai Jun Jul Ago Set Oct Nov Des
2010: Gen Feb Mar Abr Mai Jun Jul Ago Set Oct Nov Des
2009: Gen Feb Mar Abr Mai Jun Jul Ago Set Oct Nov Des
2008: Gen Feb Mar Abr Mai Jun Jul Ago Set Oct Nov Des

Resum 2017 Febrer
                   Monthly Climatological Summary for feb. 2017

Name: MeteoTortosa   City: Tortosa   State: Baix Ebre
Elevation: 12 m  Lat: N 40° 49' 48"   Lon: E 000° 31' 12"

                  Temperature (°C), Rain (mm), Wind Speed (km/h)

                                      Heat  Cool        Avg
    Mean                              Deg   Deg         Wind                 Dom
Day Temp  High   Time   Low    Time   Days  Days  Rain  Speed High   Time    Dir
----------------------------------------------------------------------------------
 1  11,7  15,6   15:12  10,6   07:56   6,6   0,0   0,0   0,3  16,1   16:47   ESE
 2  10,6  13,0   19:29   7,7   23:51   7,7   0,0   0,5   1,3  35,4   18:38   NNW
 3  10,9  18,4   14:54   5,9   05:56   7,4   0,0   0,0   1,8  22,5   06:32   NNW
 4  11,0  18,1   15:10   7,2   03:39   7,2   0,0   0,2   0,9  27,4   12:34   NNW
 5  11,9  14,4   11:58   8,2   04:20   6,4   0,0   1,8  14,6  72,4   13:52    NW
 6  14,8  18,6   22:09  11,0   03:28   3,5   0,0   0,0  25,0  77,2   01:53    NW
 7  17,2  20,3   12:44  11,7   23:54   1,4   0,3   0,3  14,9  59,5   23:55   NNW
 8  10,8  13,8   14:01   8,8   07:16   7,5   0,0   0,2  25,0  72,4   02:39   NNW
 9  10,3  15,9   14:26   8,0   05:16   8,0   0,0   0,0   9,7  46,7   00:02     N
10   8,9  13,5   12:09   4,9   05:53   9,4   0,0   0,0   1,8  24,1   13:32    SE
11  10,6  14,0   14:59   6,3   04:27   7,7   0,0   0,0   4,9  45,1   18:48     E
12  14,2  15,7   12:26  13,4   06:11   4,1   0,0   0,0  15,5  45,1   10:28     E
13  14,1  15,7   12:50  10,7   23:59   4,2   0,0   6,1  12,8  53,1   02:04     E
14  11,8  18,6   12:54   7,2   05:40   6,5   0,0   0,3   1,0  19,3   14:54   ESE
15  12,4  17,7   13:10   8,3   06:20   5,9   0,0   0,0   0,9  17,7   14:28   ESE
16  13,2  16,7   12:32  10,6   22:43   5,1   0,0   0,0   1,3  19,3   13:52    SE
17  12,3  18,2   13:43   7,8   23:44   5,9   0,0   0,0   1,2  16,1   13:18    NE
18  10,7  16,7   12:19   6,2   05:08   7,6   0,0   0,2   1,9  19,3   15:59     E
19  10,6  15,0   16:15   7,1   00:51   7,7   0,0   0,0   5,4  30,6   12:06     N
20  11,2  18,4   16:04   5,1   05:24   7,1   0,0   0,3   1,9  20,9   10:58     N
21  12,4  19,3   15:28   6,5   01:57   6,0   0,0   0,0   4,3  29,0   09:31     N
----------------------------------------------------------------------------------
    12,0  20,3     7     4,9    10   132,9   0,3   9,9   7,0  77,2     6       N

Max >=  30,0:  0
Max <=   5,0:  0
Min <=   5,0:  1
Min <=   0,0:  0
Max Rain: 6,1 on day 13
Days of Rain: 9 (>= 0,2 mm)  1 (>= 2,0 mm)  0 (>= 10,0 mm)
Heat Base: 18,3  Cool Base: 18,3  Method: Integration