Resums Climàtics NOAA

Selecciona un any o mes per veure el resum
2017: Gen Feb Mar abr Mai Jun jul Ago Set Oct Nov Des
2016: Gen Feb Mar abr Mai Jun jul Ago Set Oct Nov Des
2015: Gen Feb Mar abr Mai Jun jul Ago Set Oct Nov Des
2014: Gen Feb Mar abr Mai Jun jul Ago Set Oct Nov Des
2013: Gen Feb Mar abr Mai Jun jul Ago Set Oct Nov Des
2012: Gen Feb Mar abr Mai Jun jul Ago Set Oct Nov Des
2011: Gen Feb Mar abr Mai Jun jul Ago Set Oct Nov Des
2010: Gen Feb Mar abr Mai Jun jul Ago Set Oct Nov Des
2009: Gen Feb Mar abr Mai Jun jul Ago Set Oct Nov Des
2008: Gen Feb Mar abr Mai Jun jul Ago Set Oct Nov Des

Resum 2017 Setembre
                   Monthly Climatological Summary for sep. 2017

Name: MeteoTortosa   City: Tortosa   State: Baix Ebre
Elevation: 12 m  Lat: N 40° 49' 48"   Lon: E 000° 31' 12"

                  Temperature (°C), Rain (mm), Wind Speed (km/h)

                                      Heat  Cool        Avg
    Mean                              Deg   Deg         Wind                 Dom
Day Temp  High   Time   Low    Time   Days  Days  Rain  Speed High   Time    Dir
----------------------------------------------------------------------------------
 1  23,9  28,1   14:13  20,4   00:10   0,0   5,6   0,0  12,5  33,8   09:58     N
 2  22,9  28,2   16:48  18,2   23:50   0,0   4,6   0,0  12,0  46,7   06:17   NNW
 3  22,4  28,2   12:32  16,1   03:59   0,4   4,5   0,0   2,0  20,9   16:10   ESE
 4  24,3  28,4   11:43  21,2   03:06   0,0   6,0   0,0   3,5  32,2   12:45   ESE
 5  25,2  29,8   12:10  20,4   04:59   0,0   6,9   0,0   2,4  25,7   12:18    SE
 6  25,7  30,7   12:00  20,1   05:37   0,0   7,3   0,0   4,9  35,4   23:34    NE
 7  23,7  29,4   14:35  19,9   23:52   0,0   5,4   0,0  12,4  53,1   01:29   NNE
 8  24,0  28,6   12:32  20,1   05:55   0,0   5,7   0,0   7,6  35,4   02:16   NNE
 9  21,6  24,6   09:11  17,3   14:04   0,0   3,3   4,0  12,5  48,3   13:24   NNW
10  21,6  25,1   14:13  17,4   04:10   0,1   3,4   0,0  21,1  62,8   16:48   NNW
11  27,3  32,5   15:07  22,3   00:03   0,0   9,0   0,0   9,8  48,3   02:31   NNW
12  23,2  27,2   15:59  18,7   23:57   0,0   4,9   0,0  10,4  40,2   03:03   NNW
13  22,9  29,2   13:00  15,5   04:44   0,5   5,1   0,0   4,0  25,7   12:51    SE
14  24,5  30,1   13:44  20,6   03:13   0,0   6,2   0,0  10,8  49,9   12:36     N
15  15,6  21,2   00:00  12,2   23:13   2,9   0,2   4,1  10,2  37,0   11:14   NNE
16  18,1  23,2   14:05  13,7   00:00   1,4   1,1   0,0  10,7  48,3   02:11     N
17  19,6  24,2   12:33  13,1   05:31   1,0   2,3   0,0   3,5  24,1   01:06   ENE
18  22,6  26,5   15:21  20,7   00:00   0,0   4,3   0,0   6,9  40,2   13:27   NNW
19  22,0  26,2   14:34  18,2   23:56   0,0   3,7   0,0  12,2  51,5   07:39   NNW
20  20,7  26,4   11:28  13,8   05:06   0,4   2,8   0,0   4,5  29,0   15:02     E
21  21,8  27,1   14:10  16,4   05:27   0,3   3,8   0,0   2,9  25,7   12:10    SE
22  21,0  25,8   11:34  18,3   23:40   0,0   2,7   4,3   0,8  19,3   10:16    NE
23  21,2  26,2   13:43  17,7   05:36   0,1   3,0   0,0   2,3  22,5   14:38    SE
----------------------------------------------------------------------------------
    22,4  32,5    11    12,2    15     7,1 101,8  12,4   7,8  62,8    10       N

Max >=  30,0:  3
Max <=   5,0:  0
Min <=   5,0:  0
Min <=   0,0:  0
Max Rain: 4,3 on day 22
Days of Rain: 3 (>= 0,2 mm)  3 (>= 2,0 mm)  0 (>= 10,0 mm)
Heat Base: 18,3  Cool Base: 18,3  Method: Integration